{"version":"1.0","type":"rich","width":"560px","height":"140px","title":"OVP024 &#8211; in Franken &#8211; zu Gast bei Rainer Zang","url":"https:\/\/www.originalverkorkt.de\/2017\/03\/ovp024-in-franken-zu-gast-bei-rainer-zang\/","author_name":"Originalverkorkt Podcast - \u00fcber fl\u00fcssige und \u00fcberfl\u00fcssige Eskapaden","author_url":"https:\/\/www.originalverkorkt.de","thumbnail_url":"https:\/\/www.originalverkorkt.de\/wp-content\/uploads\/2017\/03\/originalverkorkt_podcast_1200x800_zang.jpg","html":"<iframe width=\"560px\" height=\"140px\" src=\"https:\/\/www.originalverkorkt.de\/2017\/03\/ovp024-in-franken-zu-gast-bei-rainer-zang\/?standalonePlayer\"><\/iframe>"}

Originalverkorkt Podcast - über flüssige und überflüssige Eskapaden
