{"version":"1.0","type":"rich","width":"560px","height":"140px","title":"OVP029 &#8211; Wein am Sonntag &#8211; Fran\u00e7ois Villard Reflet Saint Joseph 2015","url":"https:\/\/www.originalverkorkt.de\/2018\/04\/ovp029-wein-am-sonntag-francois-villard-reflet-saint-joseph-2015\/","author_name":"Originalverkorkt Podcast - \u00fcber fl\u00fcssige und \u00fcberfl\u00fcssige Eskapaden","author_url":"https:\/\/www.originalverkorkt.de","thumbnail_url":"https:\/\/www.originalverkorkt.de\/wp-content\/uploads\/2018\/03\/OVP029_Image.jpg","html":"<iframe width=\"560px\" height=\"140px\" src=\"https:\/\/www.originalverkorkt.de\/2018\/04\/ovp029-wein-am-sonntag-francois-villard-reflet-saint-joseph-2015\/?standalonePlayer\"><\/iframe>"}

OVP029 &#8211; Wein am Sonntag &#8211; François Villard Reflet Saint Joseph 2015

Originalverkorkt Podcast - über flüssige und überflüssige Eskapaden
