{"version":"1.0","type":"rich","width":"560px","height":"140px","title":"OVP038 &#8211; Wein am Sonntag &#8211; Domaine de Bellivi\u00e8re L\u2019Effraie 2015","url":"https:\/\/www.originalverkorkt.de\/2018\/05\/ovp038-wein-am-sonntag-domaine-de-belliviere-leffraie-2015\/","author_name":"Originalverkorkt Podcast - \u00fcber fl\u00fcssige und \u00fcberfl\u00fcssige Eskapaden","author_url":"https:\/\/www.originalverkorkt.de","thumbnail_url":"https:\/\/www.originalverkorkt.de\/wp-content\/uploads\/2018\/05\/OVP038_Header.jpg","html":"<iframe width=\"560px\" height=\"140px\" src=\"https:\/\/www.originalverkorkt.de\/2018\/05\/ovp038-wein-am-sonntag-domaine-de-belliviere-leffraie-2015\/?standalonePlayer\"><\/iframe>"}

OVP038 &#8211; Wein am Sonntag &#8211; Domaine de Bellivière L’Effraie 2015

Originalverkorkt Podcast - über flüssige und überflüssige Eskapaden
