{"version":"1.0","type":"rich","width":"560px","height":"140px","title":"OVP124 \u2013 Im Gespr\u00e4ch \u2013 Daniel Wagner und die Rieslinge aus Ersten und Gro\u00dfen Lagen 2019 - Der neue Jahrgang mit Ortsweinen und ersten Lagen, den Gro\u00dfen Gew\u00e4chsen und dem Versteigerungswein EMT.","url":"https:\/\/www.originalverkorkt.de\/2020\/09\/ovp124-im-gespraech-daniel-wagner-und-die-rieslinge-aus-ersten-und-grossen-lagen-2019\/","author_name":"Originalverkorkt Podcast - \u00fcber fl\u00fcssige und \u00fcberfl\u00fcssige Eskapaden","author_url":"https:\/\/www.originalverkorkt.de","thumbnail_url":"https:\/\/www.originalverkorkt.de\/wp-content\/uploads\/2020\/09\/OVP124_Header.jpg","html":"<iframe width=\"560px\" height=\"140px\" src=\"https:\/\/www.originalverkorkt.de\/2020\/09\/ovp124-im-gespraech-daniel-wagner-und-die-rieslinge-aus-ersten-und-grossen-lagen-2019\/?standalonePlayer\"><\/iframe>"}

OVP124 – Im Gespräch – Daniel Wagner und die Rieslinge aus Ersten und Großen Lagen 2019 - Der neue Jahrgang mit Ortsweinen und ersten Lagen, den Großen Gewächsen und dem Versteigerungswein EMT.

Originalverkorkt Podcast - über flüssige und überflüssige Eskapaden
