{"version":"1.0","type":"rich","width":"560px","height":"140px","title":"OVP132 \u2013 Wein am Sonntag \u2013 Bodegas Habla, Habla la Tierra.","url":"https:\/\/www.originalverkorkt.de\/2020\/11\/ovp132-wein-am-sonntag-bodegas-habla-habla-la-tierra\/","author_name":"Originalverkorkt Podcast - \u00fcber fl\u00fcssige und \u00fcberfl\u00fcssige Eskapaden","author_url":"https:\/\/www.originalverkorkt.de","thumbnail_url":"https:\/\/www.originalverkorkt.de\/wp-content\/uploads\/2020\/11\/OVP132_header.jpg","html":"<iframe width=\"560px\" height=\"140px\" src=\"https:\/\/www.originalverkorkt.de\/2020\/11\/ovp132-wein-am-sonntag-bodegas-habla-habla-la-tierra\/?standalonePlayer\"><\/iframe>"}

Originalverkorkt Podcast - über flüssige und überflüssige Eskapaden
