{"version":"1.0","type":"rich","width":"560px","height":"140px","title":"OVP 143 \u2013 Wein am Sonntag \u2013 Imvini Wethu 2019","url":"https:\/\/www.originalverkorkt.de\/2021\/02\/ovp-143-wein-am-sonntag-imvini-wethu-2019\/","author_name":"Originalverkorkt Podcast - \u00fcber fl\u00fcssige und \u00fcberfl\u00fcssige Eskapaden","author_url":"https:\/\/www.originalverkorkt.de","thumbnail_url":"http:\/\/originalverkorkt.de\/wp-content\/uploads\/2015\/11\/originalverkorkt_podcast_1400x1400.jpg","html":"<iframe width=\"560px\" height=\"140px\" src=\"https:\/\/www.originalverkorkt.de\/2021\/02\/ovp-143-wein-am-sonntag-imvini-wethu-2019\/?standalonePlayer\"><\/iframe>"}

Originalverkorkt Podcast - über flüssige und überflüssige Eskapaden
