{"version":"1.0","type":"rich","width":"560px","height":"140px","title":"OVP177 \u2013 Wein am Sonntag \u2013 Carl-Friedrich L. Walther, Silvaner KD \u00bbpur\u00ab 2019","url":"https:\/\/www.originalverkorkt.de\/2022\/03\/ovp177-wein-am-sonntag-carl-friedrich-l-walther-silvaner-kd-pur-2019\/","author_name":"Originalverkorkt Podcast - \u00fcber fl\u00fcssige und \u00fcberfl\u00fcssige Eskapaden","author_url":"https:\/\/www.originalverkorkt.de","thumbnail_url":"https:\/\/www.originalverkorkt.de\/wp-content\/uploads\/2022\/03\/OVP177-Header.jpg","html":"<iframe width=\"560px\" height=\"140px\" src=\"https:\/\/www.originalverkorkt.de\/2022\/03\/ovp177-wein-am-sonntag-carl-friedrich-l-walther-silvaner-kd-pur-2019\/?standalonePlayer\"><\/iframe>"}

Originalverkorkt Podcast - über flüssige und überflüssige Eskapaden
