{"version":"1.0","type":"rich","width":"560px","height":"140px","title":"OVP189 \u2013 In der Pfalz zu Gast bei Jonas Seckinger","url":"https:\/\/www.originalverkorkt.de\/2022\/07\/ovp189-in-der-pfalz-zu-gast-bei-jonas-seckinger\/","author_name":"Originalverkorkt Podcast - \u00fcber fl\u00fcssige und \u00fcberfl\u00fcssige Eskapaden","author_url":"https:\/\/www.originalverkorkt.de","thumbnail_url":"https:\/\/www.originalverkorkt.de\/wp-content\/uploads\/2022\/07\/OVP189_Seckinger_Header.jpg","html":"<iframe width=\"560px\" height=\"140px\" src=\"https:\/\/www.originalverkorkt.de\/2022\/07\/ovp189-in-der-pfalz-zu-gast-bei-jonas-seckinger\/?standalonePlayer\"><\/iframe>"}

Originalverkorkt Podcast - über flüssige und überflüssige Eskapaden
