{"version":"1.0","type":"rich","width":"560px","height":"140px","title":"OVP212 \u2013 Im Gespr\u00e4ch \u2013 mit Daniel Wagner zum Jubil\u00e4um seines 30. Jahrgangs","url":"https:\/\/www.originalverkorkt.de\/2023\/05\/ovp212-im-gespraech-mit-daniel-wagner-zum-jubilaeum-seines-30-jahrgangs\/","author_name":"Originalverkorkt Podcast - \u00fcber fl\u00fcssige und \u00fcberfl\u00fcssige Eskapaden","author_url":"https:\/\/www.originalverkorkt.de","thumbnail_url":"https:\/\/www.originalverkorkt.de\/wp-content\/uploads\/2023\/05\/OVP212_im-Gespraech_Header.jpg","html":"<iframe width=\"560px\" height=\"140px\" src=\"https:\/\/www.originalverkorkt.de\/2023\/05\/ovp212-im-gespraech-mit-daniel-wagner-zum-jubilaeum-seines-30-jahrgangs\/?standalonePlayer\"><\/iframe>"}

OVP212 – Im Gespräch – mit Daniel Wagner zum Jubiläum seines 30. Jahrgangs

Originalverkorkt Podcast - über flüssige und überflüssige Eskapaden
