{"version":"1.0","type":"rich","width":"560px","height":"140px","title":"OVP214 \u2013 Im Gespr\u00e4ch \u2013 mit Arno Lenz \u00fcber Klaar Fruchtfermente","url":"https:\/\/www.originalverkorkt.de\/2023\/06\/obp214-im-gespraech-mit-arno-lenz-ueber-klaar-fruchtfermente\/","author_name":"Originalverkorkt Podcast - \u00fcber fl\u00fcssige und \u00fcberfl\u00fcssige Eskapaden","author_url":"https:\/\/www.originalverkorkt.de","thumbnail_url":"https:\/\/www.originalverkorkt.de\/wp-content\/uploads\/2023\/06\/OVP214_Header.jpg","html":"<iframe width=\"560px\" height=\"140px\" src=\"https:\/\/www.originalverkorkt.de\/2023\/06\/obp214-im-gespraech-mit-arno-lenz-ueber-klaar-fruchtfermente\/?standalonePlayer\"><\/iframe>"}

OVP214 – Im Gespräch – mit Arno Lenz über Klaar Fruchtfermente

Originalverkorkt Podcast - über flüssige und überflüssige Eskapaden
