{"version":"1.0","type":"rich","width":"560px","height":"140px","title":"OVP215 \u2013 Wein am Sonntag \u2013 Kertelreiter, Perry \u00bbLuminosity\u00ab 2022","url":"https:\/\/www.originalverkorkt.de\/2023\/07\/ovp215-wein-am-sonntag-kertelreiter-perry-luminosity-2022\/","author_name":"Originalverkorkt Podcast - \u00fcber fl\u00fcssige und \u00fcberfl\u00fcssige Eskapaden","author_url":"https:\/\/www.originalverkorkt.de","thumbnail_url":"http:\/\/originalverkorkt.de\/wp-content\/uploads\/2015\/11\/originalverkorkt_podcast_1400x1400.jpg","html":"<iframe width=\"560px\" height=\"140px\" src=\"https:\/\/www.originalverkorkt.de\/2023\/07\/ovp215-wein-am-sonntag-kertelreiter-perry-luminosity-2022\/?standalonePlayer\"><\/iframe>"}

Originalverkorkt Podcast - über flüssige und überflüssige Eskapaden
