{"version":"1.0","type":"rich","width":"560px","height":"140px","title":"OVP221 \u2013 Wein am Sonntag \u2013 Max sein Wein, \u00bbLes Autochtones\u00ab 2020","url":"https:\/\/www.originalverkorkt.de\/2023\/09\/ovp221-wein-am-sonntag-max-sein-wein-les-autochtones-2020\/","author_name":"Originalverkorkt Podcast - \u00fcber fl\u00fcssige und \u00fcberfl\u00fcssige Eskapaden","author_url":"https:\/\/www.originalverkorkt.de","thumbnail_url":"https:\/\/www.originalverkorkt.de\/wp-content\/uploads\/2023\/09\/OVP221-Header.jpg","html":"<iframe width=\"560px\" height=\"140px\" src=\"https:\/\/www.originalverkorkt.de\/2023\/09\/ovp221-wein-am-sonntag-max-sein-wein-les-autochtones-2020\/?standalonePlayer\"><\/iframe>"}

Originalverkorkt Podcast - über flüssige und überflüssige Eskapaden
