{"version":"1.0","type":"rich","width":"560px","height":"140px","title":"OVP229 \u2013 Im Gespr\u00e4ch \u2013 mit Dr. Felix H\u00fcttemann \u00fcber Sensorik und KI","url":"https:\/\/www.originalverkorkt.de\/2023\/12\/ovp229-im-gespraech-mit-dr-felix-huettemann-ueber-sensorik-und-ki\/","author_name":"Originalverkorkt Podcast - \u00fcber fl\u00fcssige und \u00fcberfl\u00fcssige Eskapaden","author_url":"https:\/\/www.originalverkorkt.de","thumbnail_url":"https:\/\/www.originalverkorkt.de\/wp-content\/uploads\/2023\/12\/OVP229_im-Gespraech_Header.jpg","html":"<iframe width=\"560px\" height=\"140px\" src=\"https:\/\/www.originalverkorkt.de\/2023\/12\/ovp229-im-gespraech-mit-dr-felix-huettemann-ueber-sensorik-und-ki\/?standalonePlayer\"><\/iframe>"}

OVP229 – Im Gespräch – mit Dr. Felix Hüttemann über Sensorik und KI

Originalverkorkt Podcast - über flüssige und überflüssige Eskapaden
