{"version":"1.0","type":"rich","width":"560px","height":"140px","title":"OVP238 \u2013 Wein am Sonntag \u2013 Racine Rebelles, \u00bbsur la peau\u00ab Elbling 2021","url":"https:\/\/www.originalverkorkt.de\/2024\/04\/ovp238-wein-am-sonntag-racine-rebelles-sur-la-peau-elbling-2021\/","author_name":"Originalverkorkt Podcast - \u00fcber fl\u00fcssige und \u00fcberfl\u00fcssige Eskapaden","author_url":"https:\/\/www.originalverkorkt.de","thumbnail_url":"https:\/\/www.originalverkorkt.de\/wp-content\/uploads\/2024\/04\/OVP238-Header.jpg","html":"<iframe width=\"560px\" height=\"140px\" src=\"https:\/\/www.originalverkorkt.de\/2024\/04\/ovp238-wein-am-sonntag-racine-rebelles-sur-la-peau-elbling-2021\/?standalonePlayer\"><\/iframe>"}

Originalverkorkt Podcast - über flüssige und überflüssige Eskapaden
