{"version":"1.0","type":"rich","width":"560px","height":"140px","title":"OVP267 \u2013 Der Wein am Sonntag \u2013 Konni und Evi Silvaner [Sp\u00e4tf\u00fcllung] 2021","url":"https:\/\/www.originalverkorkt.de\/2025\/01\/ovp267-der-wein-am-sonntag-konni-evi-silvaner-spaetfuellung-2021\/","author_name":"Originalverkorkt Podcast - \u00fcber fl\u00fcssige und \u00fcberfl\u00fcssige Eskapaden","author_url":"https:\/\/www.originalverkorkt.de","thumbnail_url":"https:\/\/www.originalverkorkt.de\/wp-content\/uploads\/2025\/01\/OVP267_Header.jpg","html":"<iframe width=\"560px\" height=\"140px\" src=\"https:\/\/www.originalverkorkt.de\/2025\/01\/ovp267-der-wein-am-sonntag-konni-evi-silvaner-spaetfuellung-2021\/?standalonePlayer\"><\/iframe>"}

OVP267 – Der Wein am Sonntag – Konni und Evi Silvaner [Spätfüllung] 2021

Originalverkorkt Podcast - über flüssige und überflüssige Eskapaden
