{"version":"1.0","type":"rich","width":"560px","height":"140px","title":"OVP271 \u2013 Im Gespr\u00e4ch \u2013 mit Florian Ehrlenbach","url":"https:\/\/www.originalverkorkt.de\/2025\/07\/ovp271-im-gespraech-mit-florian-ehrlenbach\/","author_name":"Originalverkorkt Podcast - \u00fcber fl\u00fcssige und \u00fcberfl\u00fcssige Eskapaden","author_url":"https:\/\/www.originalverkorkt.de","thumbnail_url":"https:\/\/www.originalverkorkt.de\/wp-content\/uploads\/2025\/07\/OVP271_im-Gespraech_Ehrlenbach.jpg","html":"<iframe width=\"560px\" height=\"140px\" src=\"https:\/\/www.originalverkorkt.de\/2025\/07\/ovp271-im-gespraech-mit-florian-ehrlenbach\/?standalonePlayer\"><\/iframe>"}

OVP271 – Im Gespräch – mit Florian Ehrlenbach

Originalverkorkt Podcast - über flüssige und überflüssige Eskapaden
